3?
6
Suppose 4*b = 0, s - 5*b = -s + 6. Suppose 3*t = s*w, 12 = w + 3*w. Let o = t - 1. Calculate the remainder when 6 is divided by o.
0
Let t = 5 - -5. Let u(p) = -2*p - 3. Let q be u(-12). Let z = -4 + q. What is the remainder when z is divided by t?
7
Let o = 37 + -10. Suppose -15 = -q - 5*g, 0 = 6*q - q - 2*g + 6. Suppose q = y + 2*y - o. What is the remainder when 26 is divided by y?
8
Suppose 0 = -4*b - 4, -t + 5*b - 25 = -84. What is the remainder when t is divided by 17?
3
Let x(d) = 4*d + 18. Let k = -2 - -5. What is the remainder when x(8) is divided by (-2)/k - 159/(-9)?
16
Let h(w) = -w**3 - 12*w**2 - 4*w - 2. What is the remainder when h(-12) is divided by 17?
12
Suppose -76 = -4*m + 2*g + 2*g, -1 = m + 4*g. Calculate the remainder when 39 is divided by m.
9
Let p(r) = -3*r + 4. Calculate the remainder when ((-28)/(-3) - 1)/(1/3) is divided by p(-3).
12
Calculate the remainder when (-8)/(-2)*(-18)/(-4) is divided by 10.
8
Suppose 1041 = 9*f + 267. What is the remainder when f is divided by 11?
9
Let i = -131 + 176. What is the remainder when i is divided by -1 - (17 + 0)*-1?
13
Let w(p) = -p - 8. Let t be w(-10). Calculate the remainder when (-34 + 3)*(-2)/t is divided by (-6)/(-4) - (-95)/10.
9
Suppose j = 28 + 45. Calculate the remainder when j is divided by 25.
23
Suppose -4*t - 131 = -9*t + 2*b, 0 = -t + b + 28. What is the remainder when 42 is divided by t?
17
Let m = -7 - -21. Let l(n) = n + 16. What is the remainder when l(m) is divided by 17?
13
Let d(l) = 2*l + 6 - 3 - 6*l. Suppose 3*q = u - q - 8, 4*u + 4*q - 32 = 0. What is the remainder when d(-5) is divided by u?
7
What is the remainder when ((-2)/2)/((-134)/(-68) - 2) is divided by 10?
4
Let y = 11 - 8. Let a(f) = -f**3 + 4*f**2 + 6*f - 5. Let w be a(5). What is the remainder when 9 is divided by 5/y*3 + w?
4
Let x be -3 - -3 - (-13 + 4). Let i = 29 + x. Let q = 46 - 33. What is the remainder when i is divided by q?
12
Suppose -4*a = -a + 33. Let n(t) = t**3 + 10*t**2 - 12*t - 2. What is the remainder when 35 is divided by n(a)?
8
Let a = 32 - 10. Suppose 4*g = 112 + 388. Let p = g - 60. What is the remainder when p is divided by a?
21
Let s = 8 + -18. Let y = s + 17. Calculate the remainder when y is divided by 4.
3
Suppose y - 5*q = 14, q + 21 + 1 = 5*y. Suppose -y*o - 58 = -14. What is the remainder when 21 is divided by (-2)/1*o/2?
10
What is the remainder when ((-20)/30)/(2/(-327)) is divided by 39?
31
Suppose o - 2*m - 3 - 9 = 0, -4*m = 2*o - 24. Calculate the remainder when ((-28)/(-6))/((-4)/(-18)) is divided by o.
9
Let r(d) = 15*d - 12. Let g(q) = q - 1. Let i(y) = 22*g(y) - 2*r(y). What is the remainder when i(-6) is divided by 17?
16
Suppose 0 = -8*y + 11*y + 111. Calculate the remainder when (-8)/(-4)*1 - y is divided by 10.
9
Suppose -5*n = 4*u - 154, -127 = -4*u + 4*n + 9. Suppose u = 5*t - 134. What is the remainder when t is divided by 9?
7
Suppose 11 = -4*v + 5*v. Let o = 46 - v. What is the remainder when o is divided by (12/7)/((-2)/(-14))?
11
Let p = -47 - -66. Suppose 4*d + 0*d - 292 = 0. Calculate the remainder when d is divided by p.
16
Let y(g) = -g**3 + 27*g**2 + 30*g - 28. Calculate the remainder when y(28) is divided by 15.
13
Let f = -31 + 60. Calculate the remainder when -6 + 5 - (-1 - f) is divided by 8.
5
Let v(z) = -302*z + 3. Let i be v(-2). Suppose -3*n + n = -5*q + 601, 5*q - i = -n. Calculate the remainder when q is divided by 31.
28
Let v = 15 + -2. Suppose v = q - 65. Calculate the remainder when q is divided by 20.
18
Suppose 4*c - 140 = -3*j - 1, 0 = 5*j + 4*c - 221. What is the remainder when 204 is divided by j?
40
Suppose 2*m = 28 + 68. Calculate the remainder when m is divided by 17.
14
Suppose 3*l + 473 = 5*r, l = -3*r + 53 + 228. What is the remainder when r is divided by 19?
18
Suppose -u + 80 = u. Suppose 0 = s - 6*s - 3*g + u, -3*s + 4*g - 5 = 0. What is the remainder when 9 is divided by s?
4
Suppose -4*r = -73 - 79. Calculate the remainder when 73 is divided by r.
35
Suppose -5*l + 66 = 4*r, 14 = 3*l - r - 3*r. Suppose 0*w - 2*w = -l. Calculate the remainder when (24/(-10))/(6/(-20)) is divided by w.
3
Let a = -14 + 13. Suppose -2*q = -15 - 63. Calculate the remainder when q is divided by a/(-3)*(-180)/(-3).
19
Suppose -3*j + 17 = -58. Calculate the remainder when j is divided by 78/(-12)*-2*1.
12
Let d = -37 + 86. What is the remainder when 145 is divided by d?
47
Let k(t) = -5*t**2 - 6*t**2 + 0*t**2 + 37 - 49 - 15*t - t**3. Calculate the remainder when k(-10) is divided by 8.
6
Suppose -9 = -b + 66. What is the remainder when b is divided by 19?
18
Suppose -n + 2*o = -3*n + 184, 0 = -3*n + 2*o + 291. Calculate the remainder when n is divided by 32.
31
Suppose -2*d + 6*d = 20. Calculate the remainder when 19 is divided by d.
4
Suppose 5*p + 90 = 4*b - 86, -4*b - 48 = 2*p. Let q = 47 + p. Suppose -5*v + 146 = -0*n + 2*n, 3*v - n - 81 = 0. Calculate the remainder when v is divided by q.
13
Let n(s) = -s**2 + 14*s + 8. Calculate the remainder when 95 is divided by n(12).
31
Let j(a) = 5*a**2 - 4*a + 9. Let d = 44 + 18. Calculate the remainder when d is divided by j(2).
20
Let a(o) = -o**3 + 3*o**2 + 4*o - 1. Suppose 3*r - 3 = 3*k, 2*r + 9 = -k + 5*r. What is the remainder when 32 is divided by a(k)?
10
Let h be (-6)/3*6/(-4). Suppose h*q - 27 = 12. What is the remainder when 37 is divided by q?
11
Let w(m) = -m**3 - 3*m**2 + m. Let s be w(-3). Let q(a) = -14*a - 5. Calculate the remainder when q(s) is divided by 19.
18
Suppose 29 = y - 34. Let q = y - 17. What is the remainder when q is divided by 12?
10
Let u = 13 + -6. Let m(l) = l**3 - 7*l**2 + l + 1. Suppose -3*d = 3*r - 18, -7 + 10 = 3*r. What is the remainder when m(u) is divided by d?
3
Let n(d) = -d - 1. Suppose -2*x + 31 + 107 = 0. Suppose -5*l + x = 2*k, -5*l + 2*k + 2*k = -57. What is the remainder when l is divided by n(-6)?
3
Let f = 167 + -156. What is the remainder when f is divided by 1*3*(-1 - -2)?
2
What is the remainder when (-42)/(-1) - (-5 + 4) is divided by 11?
10
Suppose 0 = 228*n - 232*n + 52. Suppose 2*z + 29 = 5*s, -6*z + 4*z - 24 = -4*s. Calculate the remainder when n is divided by s.
3
Suppose s - 16 = -3*s. Suppose -s*n = -6*n + 18. Suppose -3*d + 9 = 3*v, 0 = -0*d + 2*d + v - n. What is the remainder when 11 is divided by d?
5
Suppose 4*q - 4*d - 10 = 50, 0 = -2*q + 3*d + 30. Let r be (42/4)/((-3)/6). Let z = r - -50. Calculate the remainder when z is divided by q.
14
Let z be (-2)/(3*(-4)/6). Let f be z*-2 + (-5 - -39). Let q = f + -17. What is the remainder when 58 is divided by q?
13
Suppose -2*a = 1 - 5. Let n be ((-12)/(-10))/(3/15). Suppose 0*v = 3*v - n. What is the remainder when v is divided by a?
0
Suppose -3*b - 2*b + 40 = 0. Suppose 6*o = 2*o + 136. Suppose 0 = -u + 2, o = -q + 3*q - 5*u. What is the remainder when q is divided by b?
6
Let c(a) = -a**3 + 7*a**2 + 10*a - 1. Calculate the remainder when 28 is divided by c(8).
13
Suppose -2*v + 70 = -2*f, -5*f + 16 = v - 19. Suppose -5*g = 5*o - 250, -2*o = o - 6. Suppose g = 5*r - r. What is the remainder when v is divided by r?
11
Suppose 4*t - 44 = 4*z, -2*t + 2*z = -4*t + 18. Calculate the remainder when 39 is divided by t.
9
Suppose 3*b - 195 = -4*c, 2*c - 110 = -6*b + 2*b. Let q = c + -20. What is the remainder when q is divided by 13?
12
Suppose x = 2*k + 10, 2*k = -4*x + x + 22. Suppose 10 = n + 4*n. Suppose -n*j = -v - 1, -v - 3*j + 2*j = -5. What is the remainder when x is divided by v?
2
Let s = 7 - 4. Let n = 0 + 4. Let f = 0 + n. Calculate the remainder when f is divided by s.
1
Let p(l) = -l - 2. Let q be p(-4). Calculate the remainder when 15 is divided by (-9)/((-3)/q - 0).
3
Let y(a) be the first derivative of -a**2/2 + a + 1. Let p be y(0). What is the remainder when p/4 + 99/4 is divided by 9?
7
Suppose -5*n - 2*j = -44 - 115, 2*n - 66 = -2*j. Calculate the remainder when n is divided by (-155)/(-10) + (-1)/(-2).
15
Suppose q - 15 = -0*q. Suppose q = -3*s, 2*s + s = 2*k - 25. Suppose 4*v = -c + 12 - 5, 2*c + 10 = 0. Calculate the remainder when k is divided by v.
2
Suppose -4*p + 7*p = 3. What is the remainder when (20/(-12))/(p/(-39)) is divided by 17?
14
Let t(k) = -k**3 + 6*k**2 - 3*k. What is the remainder when ((-9)/(-2))/3*12 is divided by t(5)?
8
L